0010
In base 13, what is -32 + -72?
-a4
In base 16, what is 2 - -8fe2?
8fe4
In base 16, what is 3 + -107a04?
-107a01
In base 16, what is a0e2 + -5?
a0dd
In base 16, what is 5b8e8 + 2?
5b8ea
In base 5, what is 342222 - 4?
342213
In base 13, what is -a27 + c65?
23b
In base 10, what is 5 + 20263?
20268
In base 14, what is 139 - -99?
1d4
In base 14, what is 5 + 16c06?
16c0b
In base 4, what is -12 - 1202301?
-1202313
In base 13, what is -442 - -50?
-3c2
In base 8, what is 557 - -106?
665
In base 2, what is -1001111 - -10110?
-111001
In base 11, what is -542940 + -1?
-542941
In base 13, what is 363 + 1a?
380
In base 3, what is 100 + 12002110010?
12002110110
In base 4, what is -322 + 200110?
133122
In base 7, what is -435235 - -1?
-435234
In base 12, what is b - -1935?
1944
In base 10, what is -6915 - -10?
-6905
In base 3, what is -2010 + -12010000?
-12012010
In base 5, what is -42410 - -3121?
-34234
In base 10, what is -2 + 4594?
4592
In base 7, what is -3 - 13114606?
-13114612
In base 7, what is -412201 + -1?
-412202
In base 13, what is 776a - -5?
7772
In base 4, what is 200100 - -201?
200301
In base 14, what is 3 + 4852?
4855
In base 14, what is 6 + 5d0?
5d6
In base 13, what is 437 + -8?
42c
In base 14, what is -297 - -781?
4c8
In base 16, what is 413 - e?
405
In base 13, what is -b + 79572?
79564
In base 4, what is 12202330 + 11?
12203001
In base 14, what is -19 + 20a9?
2090
In base 15, what is -3d1e6 + a?
-3d1db
In base 15, what is -1 - ecb8d?
-ecb8e
In base 12, what is 26 - -58255?
5827b
In base 13, what is -16a080 - -3?
-16a07a
In base 3, what is 22022122111 - -11?
22022122122
In base 2, what is 110110 - 11100111110?
-11100001000
In base 4, what is 1223 + 3001?
10230
In base 12, what is -2 - 1514a8?
-1514aa
In base 15, what is -87be + 4?
-87ba
In base 10, what is -29761 + 13?
-29748
In base 9, what is 4687 - -67?
4765
In base 14, what is 195a3b - 0?
195a3b
In base 5, what is -3 + -422341?
-422344
In base 16, what is -593 - 214?
-7a7
In base 8, what is -3 - -26374?
26371
In base 6, what is -20004124 - -5?
-20004115
In base 6, what is 503 + -203?
300
In base 6, what is 1 - -110351?
110352
In base 6, what is -535550 + 2?
-535544
In base 12, what is 5838 - -2?
583a
In base 4, what is 13023222 + -3?
13023213
In base 12, what is -4 - -203a0?
20398
In base 4, what is 320 - -112011?
112331
In base 14, what is 35c + -b4?
288
In base 16, what is -eab - -19?
-e92
In base 6, what is -2221 - 52?
-2313
In base 6, what is 41254 + 201?
41455
In base 7, what is 30 - -2010602?
2010632
In base 3, what is -20 + -2212202220?
-2212210010
In base 6, what is -15504 - 245?
-20153
In base 4, what is -23000133 - -11?
-23000122
In base 16, what is -2 + 2714?
2712
In base 4, what is -2 + 101332303?
101332301
In base 5, what is -130 + -24011?
-24141
In base 12, what is 87512 - -3?
87515
In base 9, what is -281515 - 3?
-281518
In base 13, what is b3c36 + 3?
b3c39
In base 4, what is 30233 - 2313?
21320
In base 2, what is -10111110111 + -100101?
-11000011100
In base 5, what is 222 - -241204?
241431
In base 5, what is -1244 - 132?
-1431
In base 8, what is 5 - 424022?
-424015
In base 9, what is 630 - -441?
1171
In base 6, what is 310 + 5504?
10214
In base 13, what is -a69b5 - -5?
-a69b0
In base 10, what is 5 + -25349?
-25344
In base 8, what is 13 - -1350?
1363
In base 6, what is -104 + 11212?
11104
In base 15, what is -1a - -23b?
221
In base 5, what is -1243102 + 10?
-1243042
In base 16, what is eb + -1ea?
-ff
In base 7, what is -2555 + -45?
-2633
In base 5, what is -41 + 1130301?
1130210
In base 16, what is -1 + -5178?
-5179
In base 11, what is -1277 + -27?
-12a3
In base 4, what is -11 + -3331102332?
-3331103003
In base 8, what is 35 + -2535?
-2500
In base 12, what is 5 - 9172?
-9169
In base 4, what is -3 - 3011310032?
-3011310101
In base 10, what is -120439 - 0?
-120439
In base 3, what is -200200001122 + 0?
-200200001122
In base 5, what is 2 + 44321404?
44321411
In base 13, what is -6 - -2bc?
2b6
In base 9, what is -63 + -354?
-427
In base 6, what is 34 + 1301501?
1301535
In base 2, what is 1010010 + 11101100100111?
11101101111001
In base 2, what is 110101 - 11110101101?
-11101111000
In base 15, what is -641d8 - 2?
-641da
In base 4, what is 3232300001 - 2?
3232233333
In base 13, what is 3a - -41c0?
422a
In base 10, what is -3 - 383382?
-383385
In base 10, what is 3 - -226925?
226928
In base 16, what is -19607 - 1?
-19608
In base 7, what is 166011 - 3?
166005
In base 16, what is -4 + -4494f?
-44953
In base 9, what is 15 - 125358?
-125343
In base 9, what is 1682 + -81?
1601
In base 15, what is 27a01 - 5?
279eb
In base 10, what is 3 - -280163?
280166
In base 10, what is 27823 + 45?
27868
In base 15, what is 0 - -30366?
30366
In base 2, what is -11010000001111010 + 1?
-11010000001111001
In base 9, what is -235425 + -5?
-235431
In base 10, what is -5 - -438316?
438311
In base 10, what is 1683 + -31?
1652
In base 2, what is -10 + -1100010001100010?
-1100010001100100
In base 13, what is -1b81 - -a?
-1b74
In base 16, what is 21 + -9d9a?
-9d79
In base 11, what is 13974 - 46?
13929
In base 2, what is 1011110111 + -1001000?
1010101111
In base 3, what is 10112110020 + 2?
10112110022
In base 12, what is -30b + -118?
-427
In base 7, what is 1 - 4313601?
-4313600
In base 15, what is 293ac - -5?
293b2
In base 5, what is -140 - -31342?
31202
In base 15, what is -5 + -123b?
-1241
In base 2, what is 1100 + -1000101000101?
-1000100111001
In base 14, what is -b - -5a8a?
5a7d
In base 2, what is 111010100 - 10001100?
101001000
In base 4, what is 132 + -10103100?
-10102302
In base 10, what is -333 - -75?
-258
In base 12, what is 6a6 + 21?
707
In base 8, what is -10551 + 176?
-10353
In base 11, what is 12025 - 75?
11a60
In base 4, what is -123 - 20130013?
-20130202
In base 4, what is -211322310 + -100?
-211323010
In base 10, what is 2 - 390?
-388
In base 6, what is -1300003 - 3?
-1300010
In base 3, what is -1121 - 2000100201?
-2000102022
In base 16, what is -19 + 3360?
3347
In base 12, what is 88 - 20b?
-143
In base 11, what is 8590 + 25?
8605
In base 5, what is 0 - -10223413?
10223413
In base 10, what is -155 + 13452?
13297
In base 16, what is 3fe8 + 4?
3fec
In base 9, what is -44 - 275?
-330
In base 8, what is -7 + -441034?
-441043
In base 5, what is 1 - 1214223?
-1214222
In base 2, what is 101 - 1001010100010000101?
-1001010100010000000
In base 12, what is 72816 - -3?
72819
In base 16, what is -12 - -8e?
7c
In base 4, what is -3313131 + 330?
-3312201
In base 4, what is 0 + 12020102?
12020102
In base 7, what is 34653 - -31?
35014
In base 8, what is -5 + 37656?
37651
In base 15, what is 11094 - 11?
11083
In base 10, what is -1134 + -48?
-1182
In base 8, what is -5 - -140611?
140604
In base 7, what is -320 - -31113?
30463
In base 9, what is 435 + -2442?
-2006
In base 5, what is -210 - -31410?
31200
In base 15, what is -32527 - 13?
-3253a
In base 7, what is 2 + -10606?
-10604
In base 16, what is -2d0 + -7?
-2d7
In base 11, what is 23 - -633?
656
In base 9, what is -1333472 + 5?
-1333466
In base 3, what is 12022200202 - -10?
12022200212
In base 10, what is 359305 - 5?
359300
In base 6, what is -504 + 300201?
255253
In base 5, what is 3 - 3303?
-3300
In base 15, what is -7e + 366?
2d7
In base 8, what is 1 + 1136325?
1136326
In base 2, what is -10110110000 + -101110010110?
-1000101000110
In base 16, what is 89 - 1e5e?
-1dd5
In base 5, what is 4 + 14234141?
14234200
In base 13, what is -33 - -66ca?
6697
In base 9, what is -20 - 68672?
-68702
In base 15, what is 5 + 2a3b3?
2a3b8
In base 12, what is -13 - 19a0?
-19b3
In base 6, what is 20 - 1110044?
-1110024
In base 6, what is -3014350 - 1?
-3014351
In base 8, what is 7530 - 106?
7422
In base 2, what is 1001111010111111 - -1?
1001111011000000
In base 15, what is -3c1 + 4bb?
ea
In base 4, what is -2 + -10202113?
-10202121
In base 15, what is -8d - -ba38?
b99a
In base 2, what is 1101 + -100110111110011?
-100110111100110
In base 2, what is 1110 - -101010000000?
101010001110
In base 2, what is -10010111010001 + -100?
-10010111010101
In base 5, what is 110 + 223?
333
In base 12, what is -3 + 2947b4?
2947b1
In base 7, what is -63 - 4063?
-4156
In base 13, what is -10 + 7a67?
7a57
In base 9, what is -1030206 - 2?
-1030208
In base 2, what is 1010 + 10011101000